reatest common divisor of i and o?
14
Let h(y) = 3*y**3 + 13 + y**2 - 3*y**3 - y**3 + 0*y**3. Let w be h(0). What is the highest common divisor of w and 117?
13
Let o = 20 + 2. Let i = o + 32. Calculate the highest common factor of 6 and i.
6
Let r(c) = 3*c - 1 + 0 - 5 - 4 - 13*c**2 - c**3. Let n be r(-14). Calculate the highest common factor of n and 18.
18
Let y(z) = z**2 + z - 6. Let a be y(0). Let u be (-3)/((-4)/((-16)/a)). Calculate the highest common divisor of u and 6.
2
Let j(c) = -c**3 - 8*c**2 - 6*c + 8. Let s be j(-7). Let z be (s/3)/(6/162). What is the highest common divisor of 6 and z?
3
Suppose 4*g - 72 - 221 = -s, 139 = 2*g + 3*s. Suppose -174 = -3*v + 2*j, v = 5*j + g - 3. What is the greatest common factor of 8 and v?
8
Suppose 0*f = -4*f + 544. Suppose -178 = -5*u - 3. Let w = u - 18. Calculate the greatest common factor of w and f.
17
Let k = 4 - -9. Calculate the greatest common factor of k and 143.
13
Let r = -17 - -32. What is the highest common divisor of r and 105?
15
Let r be (-384)/(-15) + 2/5. Suppose 168 = 4*w - 3*t, w + t - 18 = 17. What is the highest common factor of w and r?
13
Suppose -5*w + 252 = 2*w. Let u be -2*((-36)/3 + 3). What is the greatest common factor of w and u?
18
Let p be (36/5)/(106/20 - 5). Calculate the greatest common divisor of 16 and p.
8
Suppose 2*y - 90 = -4*h - 0*y, -3*y = -15. Calculate the highest common factor of h and 60.
20
Let q(n) = 17*n**3 + 2*n**2 - 1. Let w be q(1). Calculate the greatest common divisor of w and 27.
9
Suppose 0*z - 2*z = -w - 239, 4*z - 5*w - 481 = 0. Let k = -83 + z. Calculate the greatest common divisor of 4 and k.
4
Let n(z) = 15*z**2 + 5*z + 3. Let t be n(-1). What is the highest common factor of 52 and t?
13
Suppose -2*s - 4*q = -0*q - 92, -s + 2*q = -42. Calculate the greatest common divisor of 4 and s.
4
Let n be -7 - (4*-1)/(-2). Let l be ((-10)/(-3))/((-2)/n). Suppose 12 = s + 7. What is the greatest common factor of s and l?
5
Suppose -2 = -h - 0. Suppose h*k - 4*k = 6. Let s = k + 11. What is the greatest common factor of 12 and s?
4
Let m be (324/(-30))/((-1)/5). Suppose -h + m = 12. Calculate the highest common factor of h and 14.
14
Let k(i) = 16*i - 25. Let c be k(2). Suppose -r - 4*p + 10 = r, -3*p = 2*r - 11. What is the highest common factor of r and c?
7
Let t = -10 + 19. Calculate the greatest common factor of 99 and t.
9
Suppose 0*j = -2*j. Suppose 2*o - 47 - 13 = j. Calculate the highest common factor of 6 and o.
6
Let n be 26/8*(0 - -12). Let q = 84 - n. What is the highest common factor of q and 5?
5
Suppose -2*r = -3*r + 3. Suppose o = -2*o - r. Let l(j) = -j + 1. Let q be l(o). Calculate the greatest common divisor of q and 10.
2
Suppose -3*d + 11 = 5. Suppose 0 = -3*u + 4 + 26. Let x = u + d. What is the highest common divisor of x and 8?
4
Suppose 7*i - u - 29 = 2*i, -13 = -i + 2*u. Suppose 0 = 2*a + 2*a - 3*c - 31, 3*a - i*c = 37. What is the highest common factor of 8 and a?
4
Let b be (2 - 19/3)*-3. Suppose 3*v + 4*j - 4 = 0, 3*v - 2*v = -4*j + 4. Let y be (38 - -2) + -1 + v. Calculate the highest common divisor of b and y.
13
Let f be 2/3 + 30/(-18). Let q be f/5 - (-362)/10. What is the highest common factor of 6 and q?
6
Let y(l) = -l**2 + 8*l - 1. Let v be y(7). Let p = -2 + v. Suppose -p*a + 0 + 4 = 5*f, -2*f + 22 = 5*a. Calculate the highest common factor of 48 and a.
6
Let n be (-6)/(-4)*(8 + -2). Calculate the greatest common divisor of 81 and n.
9
Let x be (-12)/(-10)*(-9 - -5 - -9). Calculate the highest common factor of x and 90.
6
Suppose -50 = -6*i + i. Let c = i - -5. Calculate the highest common factor of c and 5.
5
Suppose -45 = -0*f - 3*f. What is the highest common divisor of 10 and f?
5
Suppose 0 = -7*a + 4*a + 48. Calculate the highest common factor of 4 and a.
4
Suppose -3*o = 2*u - 287, 4*u + 16 = -5*o + 495. What is the greatest common divisor of 38 and o?
19
Let a be ((-130)/15)/(1/(-3)). What is the greatest common factor of a and 208?
26
Suppose -5*t = h - 40, -5*h + t = -275 - 3. Calculate the highest common divisor of h and 5.
5
Suppose 5*l + 3 - 28 = 0. Let i(s) = -2*s - 4*s**3 - 3 + 1 - 3*s**2 + 3. Let j be i(-2). What is the greatest common divisor of l and j?
5
Let t be 3/2*2/1. Suppose 2*x = -q + 8, t*x - 9 - 4 = -2*q. Suppose -x*z + 60 = -0*z. What is the greatest common factor of 8 and z?
4
Suppose 4*j = 74 - 30. What is the highest common divisor of j and 33?
11
Suppose 5*l - 2 = 4*l. Suppose -o + 24 - 8 = 0. What is the greatest common factor of l and o?
2
Let h = 146 + -74. Let o be (-1 - 2) + 6/1. Suppose p + 16 = o*p. Calculate the highest common divisor of h and p.
8
Let v(d) be the second derivative of -7/2*d**2 - 11/6*d**3 + 1/6*d**4 + 0 + 2*d. Let m be v(8). What is the greatest common divisor of m and 11?
11
Let y(n) = 29*n**3 - n. Let s be y(1). Let q = -19 - 1. Let c = s + q. What is the greatest common factor of 64 and c?
8
Suppose -4*y - 4*d = -17 - 59, -57 = -3*y - d. Calculate the highest common factor of y and 209.
19
Let l = 6 + 1. Let i(u) be the third derivative of 3*u**4/8 + 3*u**3/2 + 3*u**2. Let n be i(l). What is the highest common factor of n and 8?
8
Suppose 18 = 3*z - 30. Calculate the highest common divisor of z and 32.
16
Let o(q) be the second derivative of q**4/6 + q**3 - 3*q. Let z be o(-4). Let y be (z + -3)*2/5. Calculate the greatest common divisor of y and 10.
2
Let b be (18 - 5) + 3 - -4. What is the highest common factor of 5 and b?
5
Suppose v + 3 = 5. Suppose 3*j = 52 - 13. Let c = j - v. Calculate the greatest common divisor of 88 and c.
11
Suppose 3*h - 5*h + 126 = 0. Let s(c) = c. Let j be s(4). Suppose -j*v - 9 = -5*v. What is the greatest common factor of v and h?
9
Suppose 4*s - 587 = -79. Let d = -78 + s. Calculate the highest common factor of 7 and d.
7
Let u be 125 + (-2 - (6 - 5)). What is the greatest common factor of u and 305?
61
Let n(q) = -q + 11. Let s be n(6). Let k be 1 + 1 - (s - 3). Suppose -4*u + k = -8. Calculate the highest common factor of 18 and u.
2
Suppose 4 + 0 = 2*o. Calculate the highest common factor of 5 and o.
1
Let n(p) = -10*p. Let f be n(-5). Calculate the greatest common divisor of 20 and f.
10
Let v = 17 + 24. Let t(q) = 7*q**2 - 3*q + 3. Let s be t(2). Let i = v - s. What is the greatest common divisor of 4 and i?
4
Let h = 2 + 10. Let o be -3*((-16)/h)/1. Calculate the highest common factor of o and 44.
4
Suppose 7 = 4*v - 13. Suppose 0 = c - d - 2 - 3, -4*d = -v*c + 22. Suppose -p = c*p - 9. Calculate the greatest common factor of 24 and p.
3
Suppose 14*n - 33 = 13*n. Let w = 2 - 0. Suppose 11 = 2*q + w*v - 19, 5*q = -v + 59. What is the highest common divisor of n and q?
11
Let s be ((-36)/(-10))/((-2)/(-5)). Suppose -1 = 4*b - s. Suppose -2*f = 4*d - 10, b*d - 8 - 10 = -2*f. Calculate the greatest common factor of 26 and f.
13
Suppose 3*l + 0*l + 45 = 0. Let s = -1 - l. What is the highest common divisor of 21 and s?
7
Let u(r) = 3*r + 5. Let o be u(-4). Let z = o + 19. What is the highest common divisor of 8 and z?
4
Suppose 2*z + 5*z = 35. Calculate the highest common divisor of z and 10.
5
Let k(o) = 4*o + 12. Let j be k(9). What is the highest common divisor of 12 and j?
12
Let u = 4 + 0. Suppose -p = u*x - 66, -x + 5*p = -0*x - 6. Let s = 0 - -48. Calculate the highest common factor of x and s.
16
Let g be (6 - 2)*(-21)/(-6). Calculate the highest common factor of 63 and g.
7
Let d be (-26)/(-4) - (-4)/(-8). What is the greatest common factor of d and 30?
6
Let v be (-714)/(-10) + (-18)/(-30). Suppose 2*s - v = 170. Suppose 4*y = 0, 5*y + 14 = 4*o - 30. What is the greatest common factor of s and o?
11
Let k be (98*2 - 2) + -16 + 17. What is the greatest common factor of k and 15?
15
Let o be (-10)/(-5) - 0/(-2). Let d be (-3 + o)/((-1)/15). What is the greatest common factor of d and 3?
3
Let n(q) = 3*q**3 - 2*q**2 + 5*q - 6. Let a be n(3). What is the greatest common factor of a and 18?
18
Let m(a) = -a + 22. Let v be m(0). What is the highest common divisor of v and 55?
11
Suppose 5*y = 5*i + 65, -2 = 5*i + 8. Calculate the greatest common factor of y and 220.
11
Let m = -54 - -73. Let w be (-114)/(-9)*(4 - 1). Calculate the greatest common factor of m and w.
19
Let g(j) = j**2 + 3*j - 1. Let b be g(